
8
Suppose 2*s - 3*s = -5. Suppose 3*a + 12 = 2*a. What is the units digit of (-1 - s)/(8/a)?
9
Let y = -3 + 1. Let u be (0 - 1)/(y/4). Suppose 0 = -0*x - u*x + 3*r + 16, 0 = -4*x - 5*r + 10. What is the units digit of x?
5
Let q be (-1)/(1/2 + -1). Suppose -8 = -4*v, -4*b - 2*v + 12 = q*v. What is the units digit of b?
1
Let a = -20 - -37. What is the units digit of a?
7
Let h = -10 + 6. Suppose -2*m = 5*v + 8 + 3, -2*m + 2*v = -24. What is the units digit of (m/(-2))/(2/h)?
7
Suppose r = -2*b + 6*b + 18, 3*r + 11 = -b. Let g be (-12)/(-1 + 2 + r). What is the units digit of (16/g)/(1/3)?
4
Suppose 5 = -x - 3*x + 5*t, 2*x = -3*t + 3. Suppose x*v + 4 = v. Suppose 3*s - 2*d + 3*d = 7, v*s - 5*d = 22. What is the units digit of s?
3
Suppose 3*x - 63 = -0*x. What is the tens digit of x?
2
Let f(n) = -n + 8. Let t be f(5). Suppose -3*v + 4*w + 46 = 0, -t*v + 0*v = -2*w - 44. What is the units digit of v?
4
Let l(v) = 0 - v**2 + 2*v**3 - 3*v**2 + 3 - 2*v. Let t be l(3). What is the units digit of (t/(-6) + 0)*-2?
5
Let q(v) = v**3 + 5*v**2 + 2*v. Let p be q(-3). Let k be (-3)/p - (-18)/8. What is the units digit of 18*1/k - 2?
7
What is the tens digit of ((-10)/(-4) - -1)*8?
2
What is the units digit of ((-123)/(-6) - -2)*2?
5
Let i = -1 + 0. Let f = i + 1. Let l = f - -2. What is the units digit of l?
2
Suppose 19 = -5*b + 74. What is the tens digit of b?
1
What is the tens digit of 1/(3/135*1)?
4
Let d(q) = q**3 + 11*q**2 + 7*q - 8. Let z = -3 + -7. What is the tens digit of d(z)?
2
Suppose 5*n + 6 = 11. What is the units digit of n?
1
Suppose 0 = -y - 2*y + 5*j - 5, 0 = 4*y - 2*j + 2. Suppose y = 4*o - 2*o - 20. What is the tens digit of o?
1
Let p(i) = -i**2 + 6*i - 1. Let j be p(7). What is the units digit of j*-1*3/6?
4
Let h(u) = 249*u**3 + 3*u**2 - 5*u + 1. What is the tens digit of h(1)?
4
Let c(b) = b**2 - 4*b + 9. What is the units digit of c(6)?
1
Suppose -2*c + 62 = -4*t + 20, -45 = -2*c + t. What is the tens digit of c?
2
Suppose 8*s = 3*s + 35. Let y = -6 + s. What is the units digit of y?
1
Let t(i) = i**2 + 2. Let c be t(0). Let b = -3 + 3. Suppose -c*q + 4 + 2 = b. What is the units digit of q?
3
Suppose -3*h + 10 + 2 = 0. Suppose -h*u = -2*u + 16. Let c(m) = -m - 1. What is the units digit of c(u)?
7
Let s(m) = -m**2 - 6*m - 1. Let w be s(-5). Let a be 332/4 + (1 - w). Suppose a = 3*n + n - 3*o, o - 64 = -4*n. What is the units digit of n?
7
Let g = 14 + -11. Suppose g*j + 126 = -3*c + 6*c, -3*j + 26 = c. What is the units digit of c?
8
Let s(c) = -5*c - 1. Let a(h) = h**3 - 3*h**2 + h - 3. Let m be a(3). Suppose -i = 3*b + 4, -3*i + m*b = 2*b + 5. What is the units digit of s(i)?
4
What is the tens digit of (-1563)/(-7) - 7*(-16)/(-392)?
2
Suppose 3*q = 7 + 8. Let u = q - 4. What is the units digit of u?
1
Suppose -2*s = m - 7*s - 5, 0 = -3*s - 6. What is the units digit of 9 - m/(15/(-9))?
6
Let n = 3 + 2. Suppose n*i - 13 - 17 = 0. What is the units digit of i?
6
Suppose -5*k - 4*a = 38, -k = -2*k - 4*a - 14. Let d(t) = -3*t - 2. What is the tens digit of d(k)?
1
Suppose 0 = -4*m + 66 + 42. What is the tens digit of m?
2
Suppose -x + 2*b = 3*x - 54, x + 3 = -5*b. Let o(k) = -k**2 + 12*k + 10. What is the units digit of o(x)?
0
Let d be (-1)/3 + 217/21. Suppose -5*w + 30 = -d. Suppose -32 + w = -4*b. What is the units digit of b?
6
Let d be 3/(-9)*1*0. Suppose 0 = -2*l, -2*s - 5*l + 4 = -d*l. What is the tens digit of (s - 0 - -1)*5?
1
Suppose -p = -4*p + 18. Let l = 24 - p. What is the units digit of l?
8
Suppose -4*j + 5*v + 21 = -2*j, 5*j = 2*v. Let d be 2/((-2)/j)*4. Let a = d - 5. What is the units digit of a?
3
Let v = -11 - -9. What is the units digit of (v/6)/((-2)/36)?
6
Suppose -3 + 5 = -r. Let c be (2/(-4))/(r/48). Let l = c + -7. What is the units digit of l?
5
Let a(s) = 2*s**3 - s**2 - 6*s + 1. What is the tens digit of a(3)?
2
Suppose -4 - 2 = -f - h, 0 = -5*h + 20. Suppose -f = -4*q + 18. Let y(c) = 2*c - 7. What is the units digit of y(q)?
3
Let d = -126 - -250. What is the tens digit of d?
2
Let n(x) = -x**2 + 23*x + 5. What is the tens digit of n(20)?
6
What is the hundreds digit of (-16)/(-12)*-101*-3?
4
Let u(v) = -v**3 + 14*v**2 + 13*v - 10. Let r be u(15). Let k = 62 + r. What is the tens digit of k?
2
Let y be ((-42)/2)/(1/(-1)). Suppose 5*p = m + 49, -3*p + 26 + y = -5*m. What is the units digit of (24/18)/(2/p)?
6
Suppose -16 = 2*h - 6*h. What is the units digit of h?
4
Let g(t) = -18*t**3 - t. Let b be g(-1). Suppose -b = 5*h - 79. What is the units digit of h?
2
Suppose -6*i + 12 = -12. Suppose -i*r + 3 + 13 = 0, 29 = j + 3*r. What is the units digit of j?
7
Suppose 0 = -5*c + 11 + 14. Suppose -t + 1 + c = 0. What is the units digit of t?
6
Let l = 16 + 2. What is the units digit of l?
8
Suppose 0 = -0*w + 5*w - 10. Suppose 3*k + 1 = w*k. What is the tens digit of 1*10*1 - k?
1
Suppose 6 = -3*t, 5*r - 33 = 2*t + 2*t. Suppose -111 = r*y - 8*y. What is the units digit of y?
7
Suppose 3*n - 73 = -k, 4*k - 359 = n - 67. What is the units digit of k?
3
Suppose 4*w - 6*i - 50 = -i, 0 = w - i - 13. Suppose -w = y - 4*y. What is the units digit of y?
5
Let n be 73/(-2 - 1 - -4). Suppose -n = -3*x + 2*g, 0*g = 4*g + 20. What is the units digit of x?
1
Let i(x) = -x**3 + x**2 + x + 46. What is the tens digit of i(0)?
4
Let x(y) = -2*y. Let f be x(-1). Let w be f - (-2)/4*2. Suppose -k = 4*z - 81, -w*z = 3*k - 51 - 12. What is the units digit of z?
0
Suppose -3*f - 2*f = -15. What is the tens digit of 78/2*1/f?
1
Let h = -4 + 4. Suppose n - 2 = -h. Suppose -5 - 11 = -n*m. What is the units digit of m?
8
Let i(b) = b**3 + 11*b**2 + 4*b - 7. What is the units digit of i(-10)?
3
Let t(i) = -75*i**2 - 15*i - 15. Let d(z) = 19*z**2 + 4*z + 4. Let o(x) = -15*d(x) - 4*t(x). What is the tens digit of o(-1)?
1
Let w(m) = -m + 6. Let j be w(6). Let q(v) be the first derivative of -v**4/4 + 10*v - 3. What is the tens digit of q(j)?
1
Suppose -2*q = o - 9, -o - 36 = -5*o + 2*q. Suppose o = -3*x + 54. What is the tens digit of x?
1
What is the hundreds digit of 195/2*(1 + (-49)/(-21))?
3
Let w(s) = -s**2 - 7*s - 1. Let p be w(-5). Suppose -6*n - 66 = -p*n. What is the units digit of n?
2
What is the units digit of (2 - -8)*1*(-6)/(-4)?
5
Let h = 5 + -3. Suppose 0*f = -3*f + 9. Suppose k - h*k + f = 0. What is the units digit of k?
3
Let r(h) = h**3 + 8*h**2 - 1. Let d be r(-8). Let v = d + 5. Suppose -z - 3*w + v = 0, 2*z - 3*w - 49 = 4. What is the units digit of z?
9
Suppose x - 2 + 0 = 0. Suppose x*w + 24 = 96. What is the units digit of 130/18 - 8/w?
7
Let i(s) = -s**3 + 4*s**2 - 2*s + 4. Let x be i(4). Let u = -4 - x. Suppose -5*p + 10*p - 20 = u. What is the units digit of p?
4
What is the tens digit of 70/385 + (-5078)/(-22)?
3
Let x(u) = -4*u + 2*u - 2 + 0*u. Let c(n) = -n**3 - 3*n**2 + 1. Let h be c(-2). What is the units digit of x(h)?
4
Let x(q) = -q**3 + q - 1. Let r(i) = -5*i**3 - 2*i**2 + 1. Let j(y) = -r(y) - x(y). Let n be j(1). Suppose -2*v + 1 = -n. What is the units digit of v?
4
What is the hundreds digit of ((-20)/26)/(-5) - (-9480)/65?
1
Let m = 75 + -54. What is the units digit of m?
1
Let o = 3 + -3. Suppose p = -o*p + 4. What is the units digit of p?
4
Let t(o) = -o - 3. Suppose z - 22 = 3*z. What is the units digit of t(z)?
8
Let l(m) = -7*m**2 + 6 - m**3 - m**2 + 0. What is the units digit of l(-8)?
6
Suppose 4*i + 6 = -14. Let g(x) = x**3 + 6*x**2 + 3*x + 5. What is the units digit of g(i)?
5
Let c(n) = 39*n - 1. What is the units digit of c(2)?
7
Let t(h) = h**3 - h + 2. Let f be t(2). Suppose f*q = 3*q - 20. What is the units digit of 6/4 - (-2)/q?
1
Let j = -63 + 101. What is the units digit of j?
8
Suppose 0*t = -t - 5*q - 25, 3*t = -5*q - 25. Suppose -2*h + h + 21 = t. What is the tens digit of h?
2
Suppose 0 = -5*n - 223 - 267. Let p = n - -138. What is the tens digit of p?
4
What is the tens digit of 4/(-14) + (-690)/(-14)?
4
What is the units digit of (-3)/(-1) + (-24)/(-3)?
1
Let r(g) = -5*g - 1. What is the units digit of r(-4)?
9
Suppose 4*h = 3 + 1. What is the units digit of h?
1
Let h be ((-1)/1 - 1)/(-1). What is the tens digit of 79/7 - h/7?
1
Let h(u) = 9*u**2 + 1. What is the tens digit of h(2)?
3
Let s = -8 - -22. What is the tens digit of s?
1
Let s(i) = -i - 6. Let k be 